-3). Let v = -60 - j. Let c = 257 + -110. Calculate the highest common factor of v and c.
21
Suppose 0 = -5*d + 5*w + 55, 5*d = -2*w + 3*w + 59. What is the greatest common factor of d and 102?
6
Suppose 4*l + 0*s - 202 = -2*s, 0 = 4*l + s - 201. Suppose -l + 8 = -c. Let q(b) = -3*b. Let t be q(-2). What is the highest common factor of c and t?
6
Let d be -3422*(-5)/20 + (-30)/(-12). What is the greatest common factor of d and 44?
22
Suppose -78 = -0*x - 13*x. What is the highest common factor of x and 16?
2
Let g = 16 - -10. Let w = -69 - -82. What is the greatest common divisor of w and g?
13
Suppose -5 = -5*m + 5. Suppose 0 = -3*l - 0*l + 42. Calculate the highest common divisor of m and l.
2
Let a(b) = b**2 + 10*b + 47. Let l be a(0). What is the highest common divisor of l and 799?
47
Let o be 3 - 9/(27/132). Let k = o + 66. Calculate the greatest common divisor of 200 and k.
25
Let h(c) = c + 56. Let g be h(-16). Let p = -233 + 353. What is the greatest common factor of p and g?
40
Let y be 8/(-12)*(-27)/2. Let l be (2/3)/(2/(-6)). Let t be 88/2 + (l - -3). What is the greatest common factor of t and y?
9
Let t = 2532 + -2268. What is the greatest common divisor of t and 4?
4
Suppose -5404 = -4*w + 12740. Suppose 0 = 2*y + 7*y - w. Calculate the greatest common divisor of 56 and y.
56
Suppose -4*w + 3*k + 19 = 2, -w - 2 = -2*k. Calculate the greatest common divisor of 40 and w.
8
Let a(f) = -f**2 - 4*f + 182. Let p be a(11). Let d(w) = -7*w - 4. Let m be d(-3). Calculate the highest common factor of m and p.
17
Let r(d) = 22*d**2 - 11*d. Let v be r(-3). Calculate the greatest common divisor of 66 and v.
33
Suppose -8*h + 5*h + 5*c + 155 = 0, -2*h = -5*c - 95. Calculate the greatest common divisor of 8 and h.
4
Let l be (-9)/132*-8 + 610/11. Calculate the greatest common divisor of l and 420.
28
Suppose 0*u = -4*u + 76. Let h(s) = s**2 - 3*s + 15. Let d be h(4). Calculate the highest common factor of d and u.
19
Let x be 3224/16 - -8 - 1/(-2). Calculate the greatest common factor of x and 70.
70
Let m = 6432 - 6272. Suppose 0 = 2*f + 4*c + 8 - 32, -44 = -4*f - 4*c. Calculate the highest common divisor of m and f.
10
Let t be ((-4)/6)/((-22)/99). Suppose -4 = -5*p + 1. Calculate the highest common factor of t and p.
1
Suppose -458*q + 306 = -449*q. What is the highest common factor of q and 306?
34
Let m(u) = -21*u - 111. Let h be m(-6). What is the highest common factor of h and 105?
15
Let h(x) = 3*x**2 - 22*x + 12. Let o be h(8). Calculate the highest common factor of 252 and o.
28
Let p(k) = -7*k + 2. Let n be p(-29). What is the highest common factor of n and 41?
41
Let j = -616 + 736. What is the greatest common divisor of 15 and j?
15
Let t(u) = 42*u. Let w be t(2). Suppose -x + 5*x - w = 0. Suppose 7*z - x = 4*z. Calculate the greatest common divisor of z and 1.
1
Suppose -2*x + 6 + 2 = 0. Suppose 0 = 5*j + 10, 4*r - 9*r - 5*j + 60 = 0. Suppose 7*l - 14 = r. Calculate the highest common factor of l and x.
4
Let g(l) = 4*l**3 + 2*l**2 - l. Let p be g(1). Let i(j) = -j**3 + 6*j**2 - 4*j + 10. Let n be i(p). Calculate the highest common divisor of 3 and n.
3
Let s = -36 + 60. Suppose k = -k, -3*v = -2*k + 21. Let g be (24/v)/(8/(-84)). Calculate the highest common factor of s and g.
12
Let u be (8/12*-1)/((-1)/69). What is the highest common factor of 46 and u?
46
Let x(y) = -34*y + 82. Let u be x(-2). What is the highest common divisor of u and 18?
6
Let m(j) be the first derivative of -j**3/3 + j**2 + 2*j + 7. Let n be m(0). Suppose n*z - 80 = -2*z. What is the greatest common divisor of z and 100?
20
Suppose -12*q = -5*q - 70. Let l be (1 - (-3 + 1)) + 17. Calculate the highest common divisor of l and q.
10
Suppose 2*y + 2*y = -4, -3*t + 4 = 2*y. Suppose -i = -0*i - t*r - 15, -5*r = 25. Calculate the highest common factor of i and 3.
1
Suppose 5*g - 125 = 205. Suppose 2*t - g = -t. Suppose -10*q = 4*q - 2772. Calculate the highest common factor of q and t.
22
Suppose l + 28 = -5*i + 118, -4*i - 72 = -l. Suppose -19*y + 128 = -15*y. What is the highest common factor of l and y?
16
Let a be (-10)/40 + 258/8. Let l be 3*(-7)/((-42)/4). Suppose 0*h - 2*h = -l*c + 440, 3*c + h = 676. Calculate the greatest common factor of c and a.
32
Let n be (-5 - 1)/((-79)/1106). What is the highest common divisor of n and 420?
84
Suppose 0 = 2*n - 0*n - 280. Let y(l) = 6 - l**3 - 2*l**2 + 2*l - 5*l**2 + 2*l**3. Let t be y(7). Calculate the greatest common divisor of t and n.
20
Let g(u) = u**3 + 22*u**2 - 24*u - 21. Let n be g(-23). Calculate the greatest common divisor of n and 4.
2
Let x(g) = 4*g**3 + 7*g**2 - g**3 + 5*g - 2*g**3 + 15. Let w = -60 + 54. Let l be x(w). Calculate the highest common factor of l and 168.
21
Let s(j) = -23*j - 9. Let z be s(-2). Let x = z + -22. Calculate the highest common divisor of 5 and x.
5
Suppose 2*n - 8 = -4*s + 4*n, -24 = -5*s - n. Let w = s - -5. Let a be (-14)/(-63) - (-106)/w. Calculate the greatest common divisor of 36 and a.
12
Let b be 8/2*((-7)/(-2) + -3). Calculate the highest common factor of b and 10.
2
Suppose 4*n = 9*n. Suppose -3*d - 3 + 93 = n. Calculate the greatest common divisor of d and 20.
10
Let h = 25 - 46. Let r = 39 + h. Suppose y + 24 = 3*y. What is the greatest common factor of y and r?
6
Let h = -13 - -26. Let q be (-38)/(-57)*195/2. Calculate the greatest common factor of q and h.
13
Let f be (-25)/(-2 - (0 + -1)). Suppose -2*d = -d - f. Let x(h) = -h - 2. Let m be x(-7). What is the greatest common divisor of d and m?
5
Let n(v) = -v**2 - 2*v - 1. Let r be n(2). Let i be -6*(-2)/r*-3. Suppose -i*z = z + 20, 2*f - 4*z = 160. Calculate the highest common factor of f and 9.
9
Let y be (624/(-56))/(1/(-7)). Let r(p) = -2*p**2 - 4*p + 4. Let x be r(4). Let h = x + 96. Calculate the greatest common factor of y and h.
26
Let u(j) = -j**3 - 7*j**2 - 8*j - 5. Suppose c - 12 = 3*c. Let d be u(c). What is the greatest common factor of d and 7?
7
Suppose -3*o = r - 11062, 4*o - 3*r - 2*r = 14724. Let z = -1294 + o. Let l be (-4)/(-30) - z/(-60). What is the greatest common divisor of 100 and l?
20
Let q(f) = 2 + f**2 + 1 - 9 - 5*f. Let g be q(-5). Suppose 35 = 3*k + 2. What is the highest common factor of k and g?
11
Let d = -47 + 49. Let k be d/(-8) + 388*40/128. Calculate the highest common factor of k and 22.
11
Let i be (-4)/(-10) + 51/(-15). Let u be i/((-1)/(-26)*-3). Calculate the highest common factor of 104 and u.
26
Let b(v) = -v**2 + 27*v - 48. Let f be b(25). Suppose 545 = 4*k + n, -f*k = -3*k - n + 137. Calculate the greatest common factor of 17 and k.
17
Let v(l) = -154*l - 38. Let t be v(-1). Suppose 4*p = 4*h - h + 101, 4*p - h - 111 = 0. Calculate the greatest common divisor of t and p.
29
Suppose -10*u + 60 = -9*u. Let h be -3*5/(u/(-88)). What is the highest common divisor of 176 and h?
22
Let o(g) = 113*g - 4. Let y be o(-2). Let s = -136 - y. Suppose -r + 4*z = -s, r - 3*z - 34 = 59. Calculate the greatest common factor of 60 and r.
30
Let x(a) = -9*a + 7. Let p(s) = 5*s - 3. Let r(v) = 11*p(v) + 6*x(v). Let u be r(-6). What is the highest common divisor of 18 and u?
3
Let w be (-25 + 1 - (-12 - -8)) + -3. Let a(q) = -2*q**2 - 55*q - 22. Let n be a(w). Calculate the greatest common factor of 37 and n.
37
Let x(z) = 3*z + 5. Let v be x(9). Suppose -t + 57 = v. Let k(n) = 6*n - 5. Let u be k(5). What is the highest common factor of u and t?
25
Let o be ((-8)/6)/(1/(-3)) + 57. Calculate the highest common factor of o and 61.
61
Let b be (-39 + -1)*(-1 - 1/(-5)). What is the greatest common factor of b and 416?
32
Let x(h) = h**3 + 8*h**2 + 3*h - 6. Let c be x(-6). Suppose 5*k - 81 = 39. What is the highest common factor of c and k?
24
Let d = -33 - -55. Suppose 1299 = 5*s - 4*n + 427, s - 174 = n. Calculate the greatest common factor of d and s.
22
Suppose 2*a = 0, 4*n - 9 - 23 = 4*a. What is the greatest common divisor of n and 38?
2
Suppose -91 = -2*b - 3*l, -b - 2*l = -45 - 2. Calculate the greatest common divisor of b and 123.
41
Suppose -n + 5*n - x = 20, -2*n = -4*x - 10. Suppose -2*a - 4*f + 462 = -0*a, -4*a + 915 = n*f. Calculate the highest common divisor of 90 and a.
45
Let p = 32 - 29. Suppose -p*c + 26 = -2*c. Calculate the greatest common divisor of 13 and c.